[INFO] cloning repository https://github.com/hwchen/tetris-rs
[INFO] running `Command { std: "git" "-c" "credential.helper=" "-c" "credential.helper=/workspace/cargo-home/bin/git-credential-null" "clone" "--bare" "https://github.com/hwchen/tetris-rs" "/workspace/cache/git-repos/https%3A%2F%2Fgithub.com%2Fhwchen%2Ftetris-rs", kill_on_drop: false }`
[INFO] [stderr] Cloning into bare repository '/workspace/cache/git-repos/https%3A%2F%2Fgithub.com%2Fhwchen%2Ftetris-rs'...
[INFO] running `Command { std: "git" "rev-parse" "HEAD", kill_on_drop: false }`
[INFO] [stdout] b02ac0e13210fbe123cd10e39fe3b8739417de1c
[INFO] checking hwchen/tetris-rs against try#72f88fc4e9458f89516a0b8b0868f3718aec5b47 for pr-74989
[INFO] running `Command { std: "git" "clone" "/workspace/cache/git-repos/https%3A%2F%2Fgithub.com%2Fhwchen%2Ftetris-rs" "/workspace/builds/worker-11/source", kill_on_drop: false }`
[INFO] [stderr] Cloning into '/workspace/builds/worker-11/source'...
[INFO] [stderr] done.
[INFO] validating manifest of git repo https://github.com/hwchen/tetris-rs on toolchain 72f88fc4e9458f89516a0b8b0868f3718aec5b47
[INFO] running `Command { std: "/workspace/cargo-home/bin/cargo" "+72f88fc4e9458f89516a0b8b0868f3718aec5b47" "read-manifest" "--manifest-path" "Cargo.toml", kill_on_drop: false }`
[INFO] started tweaking git repo https://github.com/hwchen/tetris-rs
[INFO] finished tweaking git repo https://github.com/hwchen/tetris-rs
[INFO] tweaked toml for git repo https://github.com/hwchen/tetris-rs written to /workspace/builds/worker-11/source/Cargo.toml
[INFO] crate git repo https://github.com/hwchen/tetris-rs already has a lockfile, it will not be regenerated
[INFO] running `Command { std: "/workspace/cargo-home/bin/cargo" "+72f88fc4e9458f89516a0b8b0868f3718aec5b47" "fetch" "--locked" "--manifest-path" "Cargo.toml", kill_on_drop: false }`
[INFO] [stderr]     Updating git repository `https://github.com/jeaye/ncurses-rs.git`
[INFO] [stderr] error: the lock file /workspace/builds/worker-11/source/Cargo.lock needs to be updated but --locked was passed to prevent this
[INFO] [stderr] If you want to try to generate the lock file without accessing the network, use the --offline flag.
[INFO] the lockfile is outdated, regenerating it
[INFO] running `Command { std: "/workspace/cargo-home/bin/cargo" "+72f88fc4e9458f89516a0b8b0868f3718aec5b47" "generate-lockfile" "--manifest-path" "Cargo.toml" "-Zno-index-update", kill_on_drop: false }`
[INFO] [stderr]     Blocking waiting for file lock on package cache
[INFO] [stderr]     Updating git repository `https://github.com/jeaye/ncurses-rs.git`
[INFO] running `Command { std: "/workspace/cargo-home/bin/cargo" "+72f88fc4e9458f89516a0b8b0868f3718aec5b47" "fetch" "--locked" "--manifest-path" "Cargo.toml", kill_on_drop: false }`
[INFO] [stderr]     Blocking waiting for file lock on package cache
[INFO] running `Command { std: "docker" "create" "-v" "/var/lib/crater-agent-workspace/builds/worker-11/target:/opt/rustwide/target:rw,Z" "-v" "/var/lib/crater-agent-workspace/builds/worker-11/source:/opt/rustwide/workdir:ro,Z" "-v" "/var/lib/crater-agent-workspace/cargo-home:/opt/rustwide/cargo-home:ro,Z" "-v" "/var/lib/crater-agent-workspace/rustup-home:/opt/rustwide/rustup-home:ro,Z" "-e" "SOURCE_DIR=/opt/rustwide/workdir" "-e" "CARGO_TARGET_DIR=/opt/rustwide/target" "-e" "CARGO_HOME=/opt/rustwide/cargo-home" "-e" "RUSTUP_HOME=/opt/rustwide/rustup-home" "-w" "/opt/rustwide/workdir" "-m" "1610612736" "--user" "0:0" "--network" "none" "rustops/crates-build-env@sha256:d92eaeed33fa75130ca1ee6c8a01d1ffb62bac859dfdfb3450e3e5d1c0146529" "/opt/rustwide/cargo-home/bin/cargo" "+72f88fc4e9458f89516a0b8b0868f3718aec5b47" "metadata" "--no-deps" "--format-version=1", kill_on_drop: false }`
[INFO] [stdout] a7e60b10c11aa89802065073ead66255f0ca6fc7d4646b60a6f75e72b76fff08
[INFO] [stderr] WARNING: Your kernel does not support swap limit capabilities or the cgroup is not mounted. Memory limited without swap.
[INFO] running `Command { std: "docker" "start" "-a" "a7e60b10c11aa89802065073ead66255f0ca6fc7d4646b60a6f75e72b76fff08", kill_on_drop: false }`
[INFO] running `Command { std: "docker" "inspect" "a7e60b10c11aa89802065073ead66255f0ca6fc7d4646b60a6f75e72b76fff08", kill_on_drop: false }`
[INFO] running `Command { std: "docker" "rm" "-f" "a7e60b10c11aa89802065073ead66255f0ca6fc7d4646b60a6f75e72b76fff08", kill_on_drop: false }`
[INFO] [stdout] a7e60b10c11aa89802065073ead66255f0ca6fc7d4646b60a6f75e72b76fff08
[INFO] running `Command { std: "docker" "create" "-v" "/var/lib/crater-agent-workspace/builds/worker-11/target:/opt/rustwide/target:rw,Z" "-v" "/var/lib/crater-agent-workspace/builds/worker-11/source:/opt/rustwide/workdir:ro,Z" "-v" "/var/lib/crater-agent-workspace/cargo-home:/opt/rustwide/cargo-home:ro,Z" "-v" "/var/lib/crater-agent-workspace/rustup-home:/opt/rustwide/rustup-home:ro,Z" "-e" "SOURCE_DIR=/opt/rustwide/workdir" "-e" "CARGO_TARGET_DIR=/opt/rustwide/target" "-e" "CARGO_INCREMENTAL=0" "-e" "RUST_BACKTRACE=full" "-e" "RUSTFLAGS=--cap-lints=forbid" "-e" "CARGO_HOME=/opt/rustwide/cargo-home" "-e" "RUSTUP_HOME=/opt/rustwide/rustup-home" "-w" "/opt/rustwide/workdir" "-m" "1610612736" "--user" "0:0" "--network" "none" "rustops/crates-build-env@sha256:d92eaeed33fa75130ca1ee6c8a01d1ffb62bac859dfdfb3450e3e5d1c0146529" "/opt/rustwide/cargo-home/bin/cargo" "+72f88fc4e9458f89516a0b8b0868f3718aec5b47" "check" "--frozen" "--all" "--all-targets" "--message-format=json", kill_on_drop: false }`
[INFO] [stdout] cd35cfdb7c89a6951d11fceae258fdc29bb19d792762f2d2f72ae0a32eced801
[INFO] [stderr] WARNING: Your kernel does not support swap limit capabilities or the cgroup is not mounted. Memory limited without swap.
[INFO] running `Command { std: "docker" "start" "-a" "cd35cfdb7c89a6951d11fceae258fdc29bb19d792762f2d2f72ae0a32eced801", kill_on_drop: false }`
[INFO] [stderr]    Compiling pkg-config v0.3.18
[INFO] [stderr]    Compiling cc v1.0.59
[INFO] [stderr]    Compiling libc v0.2.77
[INFO] [stderr]    Compiling ncurses v5.99.0 (https://github.com/jeaye/ncurses-rs.git#80894126)
[INFO] [stderr]     Checking tetris v0.0.1 (/opt/rustwide/workdir)
[INFO] [stdout] error: invalid suffix `u` for integer literal
[INFO] [stdout]   --> src/main.rs:47:24
[INFO] [stdout]    |
[INFO] [stdout] 47 |         for _ in range(0u,20) {
[INFO] [stdout]    |                        ^^ invalid suffix `u`
[INFO] [stdout]    |
[INFO] [stdout]    = help: the suffix must be one of the integral types (`u32`, `isize`, etc)
[INFO] [stdout] 
[INFO] [stdout] 
[INFO] [stdout] error: invalid suffix `u` for integer literal
[INFO] [stdout]   --> src/main.rs:49:29
[INFO] [stdout]    |
[INFO] [stdout] 49 |             for _ in range (0u,10) {
[INFO] [stdout]    |                             ^^ invalid suffix `u`
[INFO] [stdout]    |
[INFO] [stdout]    = help: the suffix must be one of the integral types (`u32`, `isize`, etc)
[INFO] [stdout] 
[INFO] [stdout] 
[INFO] [stdout] error: invalid suffix `u` for integer literal
[INFO] [stdout]   --> src/main.rs:59:24
[INFO] [stdout]    |
[INFO] [stdout] 59 |         for i in range(0u,20) {
[INFO] [stdout]    |                        ^^ invalid suffix `u`
[INFO] [stdout]    |
[INFO] [stdout]    = help: the suffix must be one of the integral types (`u32`, `isize`, etc)
[INFO] [stdout] 
[INFO] [stdout] 
[INFO] [stdout] error: invalid suffix `u` for integer literal
[INFO] [stdout]   --> src/main.rs:61:28
[INFO] [stdout]    |
[INFO] [stdout] 61 |             for j in range(0u,10) {
[INFO] [stdout]    |                            ^^ invalid suffix `u`
[INFO] [stdout]    |
[INFO] [stdout]    = help: the suffix must be one of the integral types (`u32`, `isize`, etc)
[INFO] [stdout] 
[INFO] [stdout] 
[INFO] [stdout] error: invalid suffix `u` for integer literal
[INFO] [stdout]   --> src/main.rs:47:24
[INFO] [stdout]    |
[INFO] [stdout] 47 |         for _ in range(0u,20) {
[INFO] [stdout]    |                        ^^ invalid suffix `u`
[INFO] [stdout]    |
[INFO] [stdout]    = help: the suffix must be one of the integral types (`u32`, `isize`, etc)
[INFO] [stdout] 
[INFO] [stdout] 
[INFO] [stdout] error: invalid suffix `u` for integer literal
[INFO] [stdout]   --> src/main.rs:49:29
[INFO] [stdout]    |
[INFO] [stdout] 49 |             for _ in range (0u,10) {
[INFO] [stdout]    |                             ^^ invalid suffix `u`
[INFO] [stdout]    |
[INFO] [stdout]    = help: the suffix must be one of the integral types (`u32`, `isize`, etc)
[INFO] [stdout] 
[INFO] [stdout] 
[INFO] [stdout] error: invalid suffix `u` for integer literal
[INFO] [stdout]   --> src/main.rs:59:24
[INFO] [stdout]    |
[INFO] [stdout] 59 |         for i in range(0u,20) {
[INFO] [stdout]    |                        ^^ invalid suffix `u`
[INFO] [stdout]    |
[INFO] [stdout]    = help: the suffix must be one of the integral types (`u32`, `isize`, etc)
[INFO] [stdout] 
[INFO] [stdout] 
[INFO] [stdout] error: invalid suffix `u` for integer literal
[INFO] [stdout]   --> src/main.rs:61:28
[INFO] [stdout]    |
[INFO] [stdout] 61 |             for j in range(0u,10) {
[INFO] [stdout]    |                            ^^ invalid suffix `u`
[INFO] [stdout]    |
[INFO] [stdout]    = help: the suffix must be one of the integral types (`u32`, `isize`, etc)
[INFO] [stdout] 
[INFO] [stdout] 
[INFO] [stdout] error: cannot find attribute `deriving` in this scope
[INFO] [stdout]   --> src/main.rs:23:3
[INFO] [stdout]    |
[INFO] [stdout] 23 | #[deriving( PartialEq, Show)]
[INFO] [stdout]    |   ^^^^^^^^
[INFO] [stdout] 
[INFO] [stdout] 
[INFO] [stdout] error[E0425]: cannot find value `Empty` in this scope
[INFO] [stdout]   --> src/main.rs:45:20
[INFO] [stdout]    |
[INFO] [stdout] 45 |         let cell = Empty;
[INFO] [stdout]    |                    ^^^^^ not found in this scope
[INFO] [stdout]    |
[INFO] [stdout] help: consider importing one of these items
[INFO] [stdout]    |
[INFO] [stdout] 19 | use Cell::Empty;
[INFO] [stdout]    |
[INFO] [stdout] 19 | use std::num::IntErrorKind::Empty;
[INFO] [stdout]    |
[INFO] [stdout] 19 | use std::sync::mpsc::TryRecvError::Empty;
[INFO] [stdout]    |
[INFO] [stdout] 
[INFO] [stdout] 
[INFO] [stdout] error[E0425]: cannot find function `range` in this scope
[INFO] [stdout]   --> src/main.rs:47:18
[INFO] [stdout]    |
[INFO] [stdout] 47 |         for _ in range(0u,20) {
[INFO] [stdout]    |                  ^^^^^ not found in this scope
[INFO] [stdout] 
[INFO] [stdout] 
[INFO] [stdout] error[E0425]: cannot find function `range` in this scope
[INFO] [stdout]   --> src/main.rs:49:22
[INFO] [stdout]    |
[INFO] [stdout] 49 |             for _ in range (0u,10) {
[INFO] [stdout]    |                      ^^^^^ not found in this scope
[INFO] [stdout] 
[INFO] [stdout] 
[INFO] [stdout] error[E0425]: cannot find value `Straight` in this scope
[INFO] [stdout]   --> src/main.rs:54:52
[INFO] [stdout]    |
[INFO] [stdout] 54 |         Game {score: 0, board: board, buffer: vec![Straight]}
[INFO] [stdout]    |                                                    ^^^^^^^^ not found in this scope
[INFO] [stdout]    |
[INFO] [stdout] help: consider importing this unit variant
[INFO] [stdout]    |
[INFO] [stdout] 19 | use Piece::Straight;
[INFO] [stdout]    |
[INFO] [stdout] 
[INFO] [stdout] 
[INFO] [stdout] error[E0425]: cannot find function `range` in this scope
[INFO] [stdout]   --> src/main.rs:59:18
[INFO] [stdout]    |
[INFO] [stdout] 59 |         for i in range(0u,20) {
[INFO] [stdout]    |                  ^^^^^ not found in this scope
[INFO] [stdout] 
[INFO] [stdout] 
[INFO] [stdout] error[E0425]: cannot find function `range` in this scope
[INFO] [stdout]   --> src/main.rs:61:22
[INFO] [stdout]    |
[INFO] [stdout] 61 |             for j in range(0u,10) {
[INFO] [stdout]    |                      ^^^^^ not found in this scope
[INFO] [stdout] 
[INFO] [stdout] 
[INFO] [stdout] error: cannot find attribute `deriving` in this scope
[INFO] [stdout]   --> src/main.rs:23:3
[INFO] [stdout]    |
[INFO] [stdout] 23 | #[deriving( PartialEq, Show)]
[INFO] [stdout]    |   ^^^^^^^^
[INFO] [stdout] 
[INFO] [stdout] 
[INFO] [stdout] error[E0425]: cannot find value `Filled` in this scope
[INFO] [stdout]   --> src/main.rs:62:40
[INFO] [stdout]    |
[INFO] [stdout] 62 |                 if self.board[i][j] == Filled {
[INFO] [stdout]    |                                        ^^^^^^ not found in this scope
[INFO] [stdout]    |
[INFO] [stdout] help: consider importing this unit variant
[INFO] [stdout]    |
[INFO] [stdout] 19 | use Cell::Filled;
[INFO] [stdout]    |
[INFO] [stdout] 
[INFO] [stdout] 
[INFO] [stdout] warning: unused import: `ncurses::*`
[INFO] [stdout]   --> src/main.rs:19:5
[INFO] [stdout]    |
[INFO] [stdout] 19 | use ncurses::*;
[INFO] [stdout]    |     ^^^^^^^^^^
[INFO] [stdout]    |
[INFO] [stdout]    = note: `#[warn(unused_imports)]` on by default
[INFO] [stdout] 
[INFO] [stdout] 
[INFO] [stdout] warning: variant `Bent_L` should have an upper camel case name
[INFO] [stdout]   --> src/main.rs:33:23
[INFO] [stdout]    |
[INFO] [stdout] 33 | enum Piece {Straight, Bent_L, Bent_R, Zee_L, Zee_R, Tee, Square, }
[INFO] [stdout]    |                       ^^^^^^ help: convert the identifier to upper camel case: `BentL`
[INFO] [stdout]    |
[INFO] [stdout]    = note: `#[warn(non_camel_case_types)]` on by default
[INFO] [stdout] 
[INFO] [stdout] 
[INFO] [stdout] warning: variant `Bent_R` should have an upper camel case name
[INFO] [stdout]   --> src/main.rs:33:31
[INFO] [stdout]    |
[INFO] [stdout] 33 | enum Piece {Straight, Bent_L, Bent_R, Zee_L, Zee_R, Tee, Square, }
[INFO] [stdout]    |                               ^^^^^^ help: convert the identifier to upper camel case: `BentR`
[INFO] [stdout] 
[INFO] [stdout] 
[INFO] [stdout] warning: variant `Zee_L` should have an upper camel case name
[INFO] [stdout]   --> src/main.rs:33:39
[INFO] [stdout]    |
[INFO] [stdout] 33 | enum Piece {Straight, Bent_L, Bent_R, Zee_L, Zee_R, Tee, Square, }
[INFO] [stdout]    |                                       ^^^^^ help: convert the identifier to upper camel case: `ZeeL`
[INFO] [stdout] 
[INFO] [stdout] 
[INFO] [stdout] warning: variant `Zee_R` should have an upper camel case name
[INFO] [stdout]   --> src/main.rs:33:46
[INFO] [stdout]    |
[INFO] [stdout] 33 | enum Piece {Straight, Bent_L, Bent_R, Zee_L, Zee_R, Tee, Square, }
[INFO] [stdout]    |                                              ^^^^^ help: convert the identifier to upper camel case: `ZeeR`
[INFO] [stdout] 
[INFO] [stdout] 
[INFO] [stdout] error[E0425]: cannot find value `Empty` in this scope
[INFO] [stdout]   --> src/main.rs:45:20
[INFO] [stdout]    |
[INFO] [stdout] 45 |         let cell = Empty;
[INFO] [stdout]    |                    ^^^^^ not found in this scope
[INFO] [stdout]    |
[INFO] [stdout] help: consider importing one of these items
[INFO] [stdout]    |
[INFO] [stdout] 19 | use Cell::Empty;
[INFO] [stdout]    |
[INFO] [stdout] 19 | use std::num::IntErrorKind::Empty;
[INFO] [stdout]    |
[INFO] [stdout] 19 | use std::sync::mpsc::TryRecvError::Empty;
[INFO] [stdout]    |
[INFO] [stdout] 
[INFO] [stdout] 
[INFO] [stdout] error[E0425]: cannot find function `range` in this scope
[INFO] [stdout]   --> src/main.rs:47:18
[INFO] [stdout]    |
[INFO] [stdout] 47 |         for _ in range(0u,20) {
[INFO] [stdout]    |                  ^^^^^ not found in this scope
[INFO] [stdout] 
[INFO] [stdout] 
[INFO] [stdout] error[E0425]: cannot find function `range` in this scope
[INFO] [stdout]   --> src/main.rs:49:22
[INFO] [stdout]    |
[INFO] [stdout] 49 |             for _ in range (0u,10) {
[INFO] [stdout]    |                      ^^^^^ not found in this scope
[INFO] [stdout] 
[INFO] [stdout] 
[INFO] [stdout] error[E0425]: cannot find value `Straight` in this scope
[INFO] [stdout]   --> src/main.rs:54:52
[INFO] [stdout]    |
[INFO] [stdout] 54 |         Game {score: 0, board: board, buffer: vec![Straight]}
[INFO] [stdout]    |                                                    ^^^^^^^^ not found in this scope
[INFO] [stdout]    |
[INFO] [stdout] help: consider importing this unit variant
[INFO] [stdout]    |
[INFO] [stdout] 19 | use Piece::Straight;
[INFO] [stdout]    |
[INFO] [stdout] 
[INFO] [stdout] 
[INFO] [stdout] error[E0425]: cannot find function `range` in this scope
[INFO] [stdout]   --> src/main.rs:59:18
[INFO] [stdout]    |
[INFO] [stdout] 59 |         for i in range(0u,20) {
[INFO] [stdout]    |                  ^^^^^ not found in this scope
[INFO] [stdout] 
[INFO] [stdout] 
[INFO] [stdout] error[E0425]: cannot find function `range` in this scope
[INFO] [stdout]   --> src/main.rs:61:22
[INFO] [stdout]    |
[INFO] [stdout] 61 |             for j in range(0u,10) {
[INFO] [stdout]    |                      ^^^^^ not found in this scope
[INFO] [stdout] 
[INFO] [stdout] 
[INFO] [stdout] error[E0425]: cannot find value `Filled` in this scope
[INFO] [stdout]   --> src/main.rs:62:40
[INFO] [stdout]    |
[INFO] [stdout] 62 |                 if self.board[i][j] == Filled {
[INFO] [stdout]    |                                        ^^^^^^ not found in this scope
[INFO] [stdout]    |
[INFO] [stdout] help: consider importing this unit variant
[INFO] [stdout]    |
[INFO] [stdout] 19 | use Cell::Filled;
[INFO] [stdout]    |
[INFO] [stdout] 
[INFO] [stdout] 
[INFO] [stdout] warning: unused import: `ncurses::*`
[INFO] [stdout]   --> src/main.rs:19:5
[INFO] [stdout]    |
[INFO] [stdout] 19 | use ncurses::*;
[INFO] [stdout]    |     ^^^^^^^^^^
[INFO] [stdout]    |
[INFO] [stdout]    = note: `#[warn(unused_imports)]` on by default
[INFO] [stdout] 
[INFO] [stdout] 
[INFO] [stdout] warning: variant `Bent_L` should have an upper camel case name
[INFO] [stdout]   --> src/main.rs:33:23
[INFO] [stdout]    |
[INFO] [stdout] 33 | enum Piece {Straight, Bent_L, Bent_R, Zee_L, Zee_R, Tee, Square, }
[INFO] [stdout]    |                       ^^^^^^ help: convert the identifier to upper camel case: `BentL`
[INFO] [stdout]    |
[INFO] [stdout]    = note: `#[warn(non_camel_case_types)]` on by default
[INFO] [stdout] 
[INFO] [stdout] 
[INFO] [stdout] warning: variant `Bent_R` should have an upper camel case name
[INFO] [stdout]   --> src/main.rs:33:31
[INFO] [stdout]    |
[INFO] [stdout] 33 | enum Piece {Straight, Bent_L, Bent_R, Zee_L, Zee_R, Tee, Square, }
[INFO] [stdout]    |                               ^^^^^^ help: convert the identifier to upper camel case: `BentR`
[INFO] [stdout] 
[INFO] [stdout] 
[INFO] [stdout] warning: variant `Zee_L` should have an upper camel case name
[INFO] [stdout]   --> src/main.rs:33:39
[INFO] [stdout]    |
[INFO] [stdout] 33 | enum Piece {Straight, Bent_L, Bent_R, Zee_L, Zee_R, Tee, Square, }
[INFO] [stdout]    |                                       ^^^^^ help: convert the identifier to upper camel case: `ZeeL`
[INFO] [stdout] 
[INFO] [stdout] 
[INFO] [stdout] warning: variant `Zee_R` should have an upper camel case name
[INFO] [stdout]   --> src/main.rs:33:46
[INFO] [stdout]    |
[INFO] [stdout] 33 | enum Piece {Straight, Bent_L, Bent_R, Zee_L, Zee_R, Tee, Square, }
[INFO] [stdout]    |                                              ^^^^^ help: convert the identifier to upper camel case: `ZeeR`
[INFO] [stdout] 
[INFO] [stdout] 
[INFO] [stdout] error[E0277]: `Vec<Vec<Cell>>` doesn't implement `std::fmt::Display`
[INFO] [stdout]   --> src/main.rs:76:20
[INFO] [stdout]    |
[INFO] [stdout] 76 |     println!("{}", game.board);
[INFO] [stdout]    |                    ^^^^^^^^^^ `Vec<Vec<Cell>>` cannot be formatted with the default formatter
[INFO] [stdout]    |
[INFO] [stdout]    = help: the trait `std::fmt::Display` is not implemented for `Vec<Vec<Cell>>`
[INFO] [stdout]    = note: in format strings you may be able to use `{:?}` (or {:#?} for pretty-print) instead
[INFO] [stdout]    = note: required by `std::fmt::Display::fmt`
[INFO] [stdout]    = note: this error originates in a macro (in Nightly builds, run with -Z macro-backtrace for more info)
[INFO] [stdout] 
[INFO] [stdout] 
[INFO] [stdout] error: aborting due to 13 previous errors; 5 warnings emitted
[INFO] [stdout] 
[INFO] [stdout] 
[INFO] [stdout] Some errors have detailed explanations: E0277, E0425.
[INFO] [stdout] 
[INFO] [stdout] For more information about an error, try `rustc --explain E0277`.
[INFO] [stdout] 
[INFO] [stderr] error: could not compile `tetris`.
[INFO] [stderr] 
[INFO] [stderr] To learn more, run the command again with --verbose.
[INFO] [stderr] warning: build failed, waiting for other jobs to finish...
[INFO] [stdout] error[E0277]: `Vec<Vec<Cell>>` doesn't implement `std::fmt::Display`
[INFO] [stdout]   --> src/main.rs:76:20
[INFO] [stdout]    |
[INFO] [stdout] 76 |     println!("{}", game.board);
[INFO] [stdout]    |                    ^^^^^^^^^^ `Vec<Vec<Cell>>` cannot be formatted with the default formatter
[INFO] [stdout]    |
[INFO] [stdout]    = help: the trait `std::fmt::Display` is not implemented for `Vec<Vec<Cell>>`
[INFO] [stdout]    = note: in format strings you may be able to use `{:?}` (or {:#?} for pretty-print) instead
[INFO] [stdout]    = note: required by `std::fmt::Display::fmt`
[INFO] [stdout]    = note: this error originates in a macro (in Nightly builds, run with -Z macro-backtrace for more info)
[INFO] [stdout] 
[INFO] [stdout] 
[INFO] [stdout] error: aborting due to 13 previous errors; 5 warnings emitted
[INFO] [stdout] 
[INFO] [stdout] 
[INFO] [stdout] Some errors have detailed explanations: E0277, E0425.
[INFO] [stdout] 
[INFO] [stdout] For more information about an error, try `rustc --explain E0277`.
[INFO] [stdout] 
[INFO] [stderr] error: build failed
[INFO] running `Command { std: "docker" "inspect" "cd35cfdb7c89a6951d11fceae258fdc29bb19d792762f2d2f72ae0a32eced801", kill_on_drop: false }`
[INFO] running `Command { std: "docker" "rm" "-f" "cd35cfdb7c89a6951d11fceae258fdc29bb19d792762f2d2f72ae0a32eced801", kill_on_drop: false }`
[INFO] [stdout] cd35cfdb7c89a6951d11fceae258fdc29bb19d792762f2d2f72ae0a32eced801
